{"id":8907,"date":"2025-01-28T15:18:29","date_gmt":"2025-01-28T18:18:29","guid":{"rendered":"https:\/\/designpordentro.com.br\/ava\/?post_type=sfwd-courses&#038;p=8907"},"modified":"2025-05-29T16:45:08","modified_gmt":"2025-05-29T19:45:08","slug":"workshop-semana-da-arte-moderna","status":"publish","type":"sfwd-courses","link":"https:\/\/designpordentro.com.br\/ava\/courses\/workshop-semana-da-arte-moderna\/","title":{"rendered":"Workshop Semana da Arte Moderna"},"content":{"rendered":"\n<p><\/p>\n\n\n\n<p><\/p>\n\n\n\n<p>A Arte Moderna Brasileira teve in\u00edcio com a emblem\u00e1tica Semana de Arte Moderna de 1922, um marco cultural que reuniu grandes nomes da arte e renovou profundamente o ambiente art\u00edstico nacional. Este evento rompeu com os padr\u00f5es est\u00e9ticos europeus tradicionais e acad\u00eamicos, alinhando-se \u00e0s vanguardas europeias, mas desenvolvendo uma linguagem pr\u00f3pria que explorava e valorizava as ra\u00edzes da cultura brasileira.<\/p>\n\n\n\n<p>Este workshop mergulha no contexto hist\u00f3rico e social da \u00e9poca, abordando as principais caracter\u00edsticas da Arte Moderna Brasileira nas Artes Visuais. Al\u00e9m disso, destaca a relev\u00e2ncia desse movimento para diversas \u00e1reas criativas, incluindo o design de interiores. Para designers, compreender essa transforma\u00e7\u00e3o art\u00edstica \u00e9 essencial para criar projetos que dialoguem com a hist\u00f3ria cultural e integrem elementos inovadores e identit\u00e1rios da brasilidade em suas composi\u00e7\u00f5es.<\/p>\n\n\n\n<p>Explore a arte moderna como uma fonte de inspira\u00e7\u00e3o para repensar est\u00e9ticas e enriquecer o repert\u00f3rio profissional!<\/p>\n\n\n\n<p>O que voc\u00ea receber\u00e1:<\/p>\n\n\n\n<p>\u2013 V\u00eddeo aula<br>\u2013 Ebook PDF<br>\u2013 Atividade Pr\u00e1tica<br>\u2013 B\u00f4nus Aula Bauhaus + Ebook<br>\u2013 Suporte para d\u00favidas<br>\u2013 Carga hor\u00e1ria 4h<br>\u2013 Certificado<\/p>\n\n\n\n<p>Tempo de acesso: 1 ano<\/p>\n\n\n\n<p>Lan\u00e7amento 06\/02\/2025<\/p>\n\n\n\n<p>A primeira semana do curso \u00e9 direcionada para conhecimento da plataforma e estudo inicial da aula + ebook, na segunda semana todo o curso\/conte\u00fado estar\u00e1 liberado para estudo.<\/p>\n","protected":false},"author":1,"featured_media":8926,"menu_order":0,"template":"","ld_course_category":[],"ld_course_tag":[],"featured_image_urls":{"full":["https:\/\/designpordentro.com.br\/ava\/wp-content\/uploads\/2025\/01\/Workshop-de-arte-moderna-600-x-600-px.png",600,600,false],"thumbnail":["https:\/\/designpordentro.com.br\/ava\/wp-content\/uploads\/2025\/01\/Workshop-de-arte-moderna-600-x-600-px-150x150.png",150,150,true],"medium":["https:\/\/designpordentro.com.br\/ava\/wp-content\/uploads\/2025\/01\/Workshop-de-arte-moderna-600-x-600-px-300x300.png",300,300,true],"medium_large":["https:\/\/designpordentro.com.br\/ava\/wp-content\/uploads\/2025\/01\/Workshop-de-arte-moderna-600-x-600-px.png",600,600,false],"large":["https:\/\/designpordentro.com.br\/ava\/wp-content\/uploads\/2025\/01\/Workshop-de-arte-moderna-600-x-600-px.png",600,600,false],"1536x1536":["https:\/\/designpordentro.com.br\/ava\/wp-content\/uploads\/2025\/01\/Workshop-de-arte-moderna-600-x-600-px.png",600,600,false],"2048x2048":["https:\/\/designpordentro.com.br\/ava\/wp-content\/uploads\/2025\/01\/Workshop-de-arte-moderna-600-x-600-px.png",600,600,false],"mailpoet_newsletter_max":["https:\/\/designpordentro.com.br\/ava\/wp-content\/uploads\/2025\/01\/Workshop-de-arte-moderna-600-x-600-px.png",600,600,false]},"post_excerpt_stackable":"<p>A Arte Moderna Brasileira teve in\u00edcio com a emblem\u00e1tica Semana de Arte Moderna de 1922, um marco cultural que reuniu grandes nomes da arte e renovou profundamente o ambiente art\u00edstico nacional. Este evento rompeu com os padr\u00f5es est\u00e9ticos europeus tradicionais e acad\u00eamicos, alinhando-se \u00e0s vanguardas europeias, mas desenvolvendo uma linguagem pr\u00f3pria que explorava e valorizava as ra\u00edzes da cultura brasileira. Este workshop mergulha no contexto hist\u00f3rico e social da \u00e9poca, abordando as principais caracter\u00edsticas da Arte Moderna Brasileira nas Artes Visuais. Al\u00e9m disso, destaca a relev\u00e2ncia desse movimento para diversas \u00e1reas criativas, incluindo o design de interiores. Para designers, compreender&hellip;<\/p>\n","category_list":"","author_info":{"name":"Dayane Comellini","url":"https:\/\/designpordentro.com.br\/ava\/author\/admin_designpordentro\/"},"comments_num":"0 coment\u00e1rio","featured_image_urls_v2":{"full":["https:\/\/designpordentro.com.br\/ava\/wp-content\/uploads\/2025\/01\/Workshop-de-arte-moderna-600-x-600-px.png",600,600,false],"thumbnail":["https:\/\/designpordentro.com.br\/ava\/wp-content\/uploads\/2025\/01\/Workshop-de-arte-moderna-600-x-600-px-150x150.png",150,150,true],"medium":["https:\/\/designpordentro.com.br\/ava\/wp-content\/uploads\/2025\/01\/Workshop-de-arte-moderna-600-x-600-px-300x300.png",300,300,true],"medium_large":["https:\/\/designpordentro.com.br\/ava\/wp-content\/uploads\/2025\/01\/Workshop-de-arte-moderna-600-x-600-px.png",600,600,false],"large":["https:\/\/designpordentro.com.br\/ava\/wp-content\/uploads\/2025\/01\/Workshop-de-arte-moderna-600-x-600-px.png",600,600,false],"1536x1536":["https:\/\/designpordentro.com.br\/ava\/wp-content\/uploads\/2025\/01\/Workshop-de-arte-moderna-600-x-600-px.png",600,600,false],"2048x2048":["https:\/\/designpordentro.com.br\/ava\/wp-content\/uploads\/2025\/01\/Workshop-de-arte-moderna-600-x-600-px.png",600,600,false],"mailpoet_newsletter_max":["https:\/\/designpordentro.com.br\/ava\/wp-content\/uploads\/2025\/01\/Workshop-de-arte-moderna-600-x-600-px.png",600,600,false]},"post_excerpt_stackable_v2":"<p>A Arte Moderna Brasileira teve in\u00edcio com a emblem\u00e1tica Semana de Arte Moderna de 1922, um marco cultural que reuniu grandes nomes da arte e renovou profundamente o ambiente art\u00edstico nacional. Este evento rompeu com os padr\u00f5es est\u00e9ticos europeus tradicionais e acad\u00eamicos, alinhando-se \u00e0s vanguardas europeias, mas desenvolvendo uma linguagem pr\u00f3pria que explorava e valorizava as ra\u00edzes da cultura brasileira. Este workshop mergulha no contexto hist\u00f3rico e social da \u00e9poca, abordando as principais caracter\u00edsticas da Arte Moderna Brasileira nas Artes Visuais. Al\u00e9m disso, destaca a relev\u00e2ncia desse movimento para diversas \u00e1reas criativas, incluindo o design de interiores. Para designers, compreender&hellip;<\/p>\n","category_list_v2":"","author_info_v2":{"name":"Dayane Comellini","url":"https:\/\/designpordentro.com.br\/ava\/author\/admin_designpordentro\/"},"comments_num_v2":"0 coment\u00e1rio","course_materials":"","course_price_type":"closed","custom_button_label":"","custom_button_url":"https:\/\/designpordentro.com.br\/loja\/produto\/workshop-semana-da-arte-moderna\/","course_price":"R$ 9,90","course_prerequisite_enabled":"","course_prerequisite":"","course_prerequisite_compare":"ANY","course_points_enabled":"","course_points":"","course_points_access":"","course_disable_lesson_progression":"","expire_access":"on","expire_access_days":365,"expire_access_delete_progress":"","_links":{"self":[{"href":"https:\/\/designpordentro.com.br\/ava\/wp-json\/wp\/v2\/sfwd-courses\/8907"}],"collection":[{"href":"https:\/\/designpordentro.com.br\/ava\/wp-json\/wp\/v2\/sfwd-courses"}],"about":[{"href":"https:\/\/designpordentro.com.br\/ava\/wp-json\/wp\/v2\/types\/sfwd-courses"}],"author":[{"embeddable":true,"href":"https:\/\/designpordentro.com.br\/ava\/wp-json\/wp\/v2\/users\/1"}],"version-history":[{"count":5,"href":"https:\/\/designpordentro.com.br\/ava\/wp-json\/wp\/v2\/sfwd-courses\/8907\/revisions"}],"predecessor-version":[{"id":9303,"href":"https:\/\/designpordentro.com.br\/ava\/wp-json\/wp\/v2\/sfwd-courses\/8907\/revisions\/9303"}],"steps":[{"embeddable":true,"href":"https:\/\/designpordentro.com.br\/ava\/wp-json\/ldlms\/v1\/sfwd-courses\/8907\/steps"}],"users":[{"embeddable":true,"href":"https:\/\/designpordentro.com.br\/ava\/wp-json\/ldlms\/v1\/sfwd-courses\/8907\/users"}],"groups":[{"embeddable":true,"href":"https:\/\/designpordentro.com.br\/ava\/wp-json\/ldlms\/v1\/sfwd-courses\/8907\/groups"}],"wp:featuredmedia":[{"embeddable":true,"href":"https:\/\/designpordentro.com.br\/ava\/wp-json\/wp\/v2\/media\/8926"}],"wp:attachment":[{"href":"https:\/\/designpordentro.com.br\/ava\/wp-json\/wp\/v2\/media?parent=8907"}],"wp:term":[{"taxonomy":"ld_course_category","embeddable":true,"href":"https:\/\/designpordentro.com.br\/ava\/wp-json\/wp\/v2\/ld_course_category?post=8907"},{"taxonomy":"ld_course_tag","embeddable":true,"href":"https:\/\/designpordentro.com.br\/ava\/wp-json\/wp\/v2\/ld_course_tag?post=8907"}],"curies":[{"name":"wp","href":"https:\/\/api.w.org\/{rel}","templated":true}]}}

<p></p>



<p></p>



<p>A Arte Moderna Brasileira teve início com a emblemática Semana de Arte Moderna de 1922, um marco cultural que reuniu grandes nomes da arte e renovou profundamente o ambiente artístico nacional. Este evento rompeu com os padrões estéticos europeus tradicionais e acadêmicos, alinhando-se às vanguardas europeias, mas desenvolvendo uma linguagem própria que explorava e valorizava as raízes da cultura brasileira.</p>



<p>Este workshop mergulha no contexto histórico e social da época, abordando as principais características da Arte Moderna Brasileira nas Artes Visuais. Além disso, destaca a relevância desse movimento para diversas áreas criativas, incluindo o design de interiores. Para designers, compreender essa transformação artística é essencial para criar projetos que dialoguem com a história cultural e integrem elementos inovadores e identitários da brasilidade em suas composições.</p>



<p>Explore a arte moderna como uma fonte de inspiração para repensar estéticas e enriquecer o repertório profissional!</p>



<p>O que você receberá:</p>



<p>– Vídeo aula<br>– Ebook PDF<br>– Atividade Prática<br>– Bônus Aula Bauhaus + Ebook<br>– Suporte para dúvidas<br>– Carga horária 4h<br>– Certificado</p>



<p>Tempo de acesso: 1 ano</p>



<p>Lançamento 06/02/2025</p>



<p>A primeira semana do curso é direcionada para conhecimento da plataforma e estudo inicial da aula + ebook, na segunda semana todo o curso/conteúdo estará liberado para estudo.</p>

<p>A Arte Moderna Brasileira teve início com a emblemática Semana de Arte Moderna de 1922, um marco cultural que reuniu grandes nomes da arte e renovou profundamente o ambiente artístico nacional. Este evento rompeu com os padrões estéticos europeus tradicionais e acadêmicos, alinhando-se às vanguardas europeias, mas desenvolvendo uma linguagem própria que explorava e valorizava as raízes da cultura brasileira. Este workshop mergulha no contexto histórico e social da época, abordando as principais características da Arte Moderna Brasileira nas Artes Visuais. Além disso, destaca a relevância desse movimento para diversas áreas criativas, incluindo o design de interiores. Para designers, compreender&hellip;</p>

0 comentário
